{"id":224,"date":"2024-08-24T12:22:49","date_gmt":"2024-08-24T12:22:49","guid":{"rendered":"https:\/\/institutosuperar.com.br\/?page_id=224"},"modified":"2024-09-05T12:11:16","modified_gmt":"2024-09-05T12:11:16","slug":"perguntas-frequentes","status":"publish","type":"page","link":"https:\/\/institutosuperar.com.br\/index.php\/perguntas-frequentes\/","title":{"rendered":"Perguntas Frequentes"},"content":{"rendered":"\t\t<div data-elementor-type=\"wp-page\" data-elementor-id=\"224\" class=\"elementor elementor-224\" data-elementor-post-type=\"page\">\n\t\t\t\t<div class=\"elementor-element elementor-element-62f153e6 e-flex e-con-boxed elementor-invisible e-con e-parent\" data-id=\"62f153e6\" data-element_type=\"container\" data-settings=\"{&quot;background_background&quot;:&quot;classic&quot;,&quot;animation&quot;:&quot;pulse&quot;}\">\n\t\t\t\t\t<div class=\"e-con-inner\">\n\t\t<div class=\"elementor-element elementor-element-d747cbc e-flex e-con-boxed e-con e-child\" data-id=\"d747cbc\" data-element_type=\"container\">\n\t\t\t\t\t<div class=\"e-con-inner\">\n\t\t<div class=\"elementor-element elementor-element-5f01840f e-flex e-con-boxed e-con e-child\" data-id=\"5f01840f\" data-element_type=\"container\">\n\t\t\t\t\t<div class=\"e-con-inner\">\n\t\t\t\t<div class=\"elementor-element elementor-element-300d3e3e elementor-widget elementor-widget-heading\" data-id=\"300d3e3e\" data-element_type=\"widget\" data-widget_type=\"heading.default\">\n\t\t\t\t<div class=\"elementor-widget-container\">\n\t\t\t\t\t<h2 class=\"elementor-heading-title elementor-size-default\">Perguntas Frequentes\n<\/h2>\t\t\t\t<\/div>\n\t\t\t\t<\/div>\n\t\t\t\t<div class=\"elementor-element elementor-element-3c5d1016 elementor-widget elementor-widget-text-editor\" data-id=\"3c5d1016\" data-element_type=\"widget\" data-widget_type=\"text-editor.default\">\n\t\t\t\t<div class=\"elementor-widget-container\">\n\t\t\t\t\t\t\t\t\t<p>Bem-vindo \u00e0 p\u00e1gina de perguntas frequentes deAumento de Habilidade\u200b\u200b\u200b\u200b\u200b\u200b\u200bAqui, abordamos d\u00favidas e preocupa\u00e7\u00f5es comuns para garantir uma experi\u00eancia de aprendizado tranquila e agrad\u00e1vel para todos os nossos alunos.<\/p>\t\t\t\t\t\t\t\t<\/div>\n\t\t\t\t<\/div>\n\t\t\t\t\t<\/div>\n\t\t\t\t<\/div>\n\t\t\t\t\t<\/div>\n\t\t\t\t<\/div>\n\t\t\t\t\t<\/div>\n\t\t\t\t<\/div>\n\t\t<div class=\"elementor-element elementor-element-681e6942 e-flex e-con-boxed e-con e-parent\" data-id=\"681e6942\" data-element_type=\"container\">\n\t\t\t\t\t<div class=\"e-con-inner\">\n\t\t\t\t<div class=\"elementor-element elementor-element-39eb5cdd elementor-invisible elementor-widget elementor-widget-heading\" data-id=\"39eb5cdd\" data-element_type=\"widget\" data-settings=\"{&quot;_animation&quot;:&quot;fadeIn&quot;}\" data-widget_type=\"heading.default\">\n\t\t\t\t<div class=\"elementor-widget-container\">\n\t\t\t\t\t<h2 class=\"elementor-heading-title elementor-size-default\">Sua d\u00favida respondida.\n<\/h2>\t\t\t\t<\/div>\n\t\t\t\t<\/div>\n\t\t\t\t<div class=\"elementor-element elementor-element-6e64cc3 elementor-widget elementor-widget-heading\" data-id=\"6e64cc3\" data-element_type=\"widget\" data-widget_type=\"heading.default\">\n\t\t\t\t<div class=\"elementor-widget-container\">\n\t\t\t\t\t<h3 class=\"elementor-heading-title elementor-size-default\">Clique na Pergunta<\/h3>\t\t\t\t<\/div>\n\t\t\t\t<\/div>\n\t\t<div class=\"elementor-element elementor-element-6726a6b6 e-flex e-con-boxed elementor-invisible e-con e-child\" data-id=\"6726a6b6\" data-element_type=\"container\" data-settings=\"{&quot;background_background&quot;:&quot;gradient&quot;,&quot;animation&quot;:&quot;fadeIn&quot;}\">\n\t\t\t\t\t<div class=\"e-con-inner\">\n\t\t\t\t<div class=\"elementor-element elementor-element-3aeb3536 elementor-widget elementor-widget-jkit_accordion\" data-id=\"3aeb3536\" data-element_type=\"widget\" data-widget_type=\"jkit_accordion.default\">\n\t\t\t\t<div class=\"elementor-widget-container\">\n\t\t\t\t\t<div  class=\"jeg-elementor-kit jkit-accordion style-default jeg_module___69e102e42aad5\" ><div class=\"card-wrapper \">\n                <div class=\"card-header\">\n                    <a href=\"#expand-a8bbcf0\" class=\"card-header-button\" aria-expanded=\"false\" data-target=\"#expand-a8bbcf0\" aria-controls=\"expand-a8bbcf0\">\n                        <span class=\"title\">Como fa\u00e7o para participar das atividades do Instituto Superar?<\/span><div class=\"right-icon-group\">\n                <div class=\"normal-icon\"><svg aria-hidden=\"true\" class=\"e-font-icon-svg e-fas-plus-circle\" viewBox=\"0 0 512 512\" xmlns=\"http:\/\/www.w3.org\/2000\/svg\"><path d=\"M256 8C119 8 8 119 8 256s111 248 248 248 248-111 248-248S393 8 256 8zm144 276c0 6.6-5.4 12-12 12h-92v92c0 6.6-5.4 12-12 12h-56c-6.6 0-12-5.4-12-12v-92h-92c-6.6 0-12-5.4-12-12v-56c0-6.6 5.4-12 12-12h92v-92c0-6.6 5.4-12 12-12h56c6.6 0 12 5.4 12 12v92h92c6.6 0 12 5.4 12 12v56z\"><\/path><\/svg><\/div>\n                <div class=\"active-icon\"><svg aria-hidden=\"true\" class=\"e-font-icon-svg e-fas-minus-circle\" viewBox=\"0 0 512 512\" xmlns=\"http:\/\/www.w3.org\/2000\/svg\"><path d=\"M256 8C119 8 8 119 8 256s111 248 248 248 248-111 248-248S393 8 256 8zM124 296c-6.6 0-12-5.4-12-12v-56c0-6.6 5.4-12 12-12h264c6.6 0 12 5.4 12 12v56c0 6.6-5.4 12-12 12H124z\"><\/path><\/svg><\/div>\n            <\/div>\n                    <\/a>\n                <\/div>\n                <div class=\"card-expand\" id=\"expand-a8bbcf0\" style=\"display:none\"><div class=\"card-body\"><div class=\"su-spoiler su-spoiler-style-1 su-spoiler-open\"><div class=\"su-spoiler-content\">Se voc\u00ea for PCD e quiser fazer parte das nossas atividades, mande um e-mail para\u00a0<a href=\"mailto:superar@superar.com\">superar@superar.com<\/a>\u00a0com seu laudo e dizendo porque gostaria de fazer parte da nossa fam\u00edlia!<\/div><\/div><div class=\"su-spoiler su-spoiler-style-1\"><div class=\"su-spoiler-title\">\u00a0<\/div><\/div><\/div><\/div>\n            <\/div><div class=\"card-wrapper \">\n                <div class=\"card-header\">\n                    <a href=\"#expand-e6835de\" class=\"card-header-button\" aria-expanded=\"false\" data-target=\"#expand-e6835de\" aria-controls=\"expand-e6835de\">\n                        <span class=\"title\">O Instituto Superar patrocina atletas?<\/span><div class=\"right-icon-group\">\n                <div class=\"normal-icon\"><svg aria-hidden=\"true\" class=\"e-font-icon-svg e-fas-plus-circle\" viewBox=\"0 0 512 512\" xmlns=\"http:\/\/www.w3.org\/2000\/svg\"><path d=\"M256 8C119 8 8 119 8 256s111 248 248 248 248-111 248-248S393 8 256 8zm144 276c0 6.6-5.4 12-12 12h-92v92c0 6.6-5.4 12-12 12h-56c-6.6 0-12-5.4-12-12v-92h-92c-6.6 0-12-5.4-12-12v-56c0-6.6 5.4-12 12-12h92v-92c0-6.6 5.4-12 12-12h56c6.6 0 12 5.4 12 12v92h92c6.6 0 12 5.4 12 12v56z\"><\/path><\/svg><\/div>\n                <div class=\"active-icon\"><svg aria-hidden=\"true\" class=\"e-font-icon-svg e-fas-minus-circle\" viewBox=\"0 0 512 512\" xmlns=\"http:\/\/www.w3.org\/2000\/svg\"><path d=\"M256 8C119 8 8 119 8 256s111 248 248 248 248-111 248-248S393 8 256 8zM124 296c-6.6 0-12-5.4-12-12v-56c0-6.6 5.4-12 12-12h264c6.6 0 12 5.4 12 12v56c0 6.6-5.4 12-12 12H124z\"><\/path><\/svg><\/div>\n            <\/div>\n                    <\/a>\n                <\/div>\n                <div class=\"card-expand\" id=\"expand-e6835de\" style=\"display:none\"><div class=\"card-body\"><div class=\"su-spoiler su-spoiler-style-1 su-spoiler-open\"><div class=\"su-spoiler-content\">N\u00e3o. O Instituto n\u00e3o patrocina atletas de alto rendimento. Oferecemos atividades com profissionais capacitados com o objetivo de detectar talentos para a vida, atrav\u00e9s do esporte, da educa\u00e7\u00e3o e da cultura.<\/div><\/div><div class=\"su-spoiler su-spoiler-style-1\"><div class=\"su-spoiler-title\">\u00a0<\/div><\/div><\/div><\/div>\n            <\/div><div class=\"card-wrapper \">\n                <div class=\"card-header\">\n                    <a href=\"#expand-29411c3\" class=\"card-header-button\" aria-expanded=\"false\" data-target=\"#expand-29411c3\" aria-controls=\"expand-29411c3\">\n                        <span class=\"title\">\u00c9 errado falar &#039;deficiente&#039;, &#039;portador de defici\u00eancia&#039; ou &#039;portador de necessidades especiais&#039;?<\/span><div class=\"right-icon-group\">\n                <div class=\"normal-icon\"><svg aria-hidden=\"true\" class=\"e-font-icon-svg e-fas-plus-circle\" viewBox=\"0 0 512 512\" xmlns=\"http:\/\/www.w3.org\/2000\/svg\"><path d=\"M256 8C119 8 8 119 8 256s111 248 248 248 248-111 248-248S393 8 256 8zm144 276c0 6.6-5.4 12-12 12h-92v92c0 6.6-5.4 12-12 12h-56c-6.6 0-12-5.4-12-12v-92h-92c-6.6 0-12-5.4-12-12v-56c0-6.6 5.4-12 12-12h92v-92c0-6.6 5.4-12 12-12h56c6.6 0 12 5.4 12 12v92h92c6.6 0 12 5.4 12 12v56z\"><\/path><\/svg><\/div>\n                <div class=\"active-icon\"><svg aria-hidden=\"true\" class=\"e-font-icon-svg e-fas-minus-circle\" viewBox=\"0 0 512 512\" xmlns=\"http:\/\/www.w3.org\/2000\/svg\"><path d=\"M256 8C119 8 8 119 8 256s111 248 248 248 248-111 248-248S393 8 256 8zM124 296c-6.6 0-12-5.4-12-12v-56c0-6.6 5.4-12 12-12h264c6.6 0 12 5.4 12 12v56c0 6.6-5.4 12-12 12H124z\"><\/path><\/svg><\/div>\n            <\/div>\n                    <\/a>\n                <\/div>\n                <div class=\"card-expand\" id=\"expand-29411c3\" style=\"display:none\"><div class=\"card-body\"><div class=\"su-spoiler su-spoiler-style-1 su-spoiler-open\"><div class=\"su-spoiler-content\">Sim. \u00c9 comum nos depararmos, ainda nos dias de hoje, com diversas nomenclaturas para se referir \u00e0 pessoa com defici\u00eancia: \u201cdeficiente\u201d, \u201cportador de necessidades especiais\u201d, \u201cportador de defici\u00eancia\u201d, \u201cespecial\u201d etc. No entanto, a terminologia correta \u00e9 apenas \u201cpessoa com defici\u00eancia\u201d, resumida na sigla \u201cPcD\u201d.<\/div><\/div><div class=\"su-spoiler su-spoiler-style-1\"><div class=\"su-spoiler-title\">\u00a0<\/div><\/div><\/div><\/div>\n            <\/div><div class=\"card-wrapper \">\n                <div class=\"card-header\">\n                    <a href=\"#expand-edc9fc4\" class=\"card-header-button\" aria-expanded=\"false\" data-target=\"#expand-edc9fc4\" aria-controls=\"expand-edc9fc4\">\n                        <span class=\"title\">O que \u00e9 acessibilidade?<\/span><div class=\"right-icon-group\">\n                <div class=\"normal-icon\"><svg aria-hidden=\"true\" class=\"e-font-icon-svg e-fas-plus-circle\" viewBox=\"0 0 512 512\" xmlns=\"http:\/\/www.w3.org\/2000\/svg\"><path d=\"M256 8C119 8 8 119 8 256s111 248 248 248 248-111 248-248S393 8 256 8zm144 276c0 6.6-5.4 12-12 12h-92v92c0 6.6-5.4 12-12 12h-56c-6.6 0-12-5.4-12-12v-92h-92c-6.6 0-12-5.4-12-12v-56c0-6.6 5.4-12 12-12h92v-92c0-6.6 5.4-12 12-12h56c6.6 0 12 5.4 12 12v92h92c6.6 0 12 5.4 12 12v56z\"><\/path><\/svg><\/div>\n                <div class=\"active-icon\"><svg aria-hidden=\"true\" class=\"e-font-icon-svg e-fas-minus-circle\" viewBox=\"0 0 512 512\" xmlns=\"http:\/\/www.w3.org\/2000\/svg\"><path d=\"M256 8C119 8 8 119 8 256s111 248 248 248 248-111 248-248S393 8 256 8zM124 296c-6.6 0-12-5.4-12-12v-56c0-6.6 5.4-12 12-12h264c6.6 0 12 5.4 12 12v56c0 6.6-5.4 12-12 12H124z\"><\/path><\/svg><\/div>\n            <\/div>\n                    <\/a>\n                <\/div>\n                <div class=\"card-expand\" id=\"expand-edc9fc4\" style=\"display:none\"><div class=\"card-body\"><div class=\"su-spoiler su-spoiler-style-1 su-spoiler-open\"><div class=\"su-spoiler-content\">De acordo com a lei 13.146\/2015 (LBI \u2013 Lei Brasileira de Inclus\u00e3o), acessibilidade \u00e9 a possibilidade e condi\u00e7\u00e3o de alcance para utiliza\u00e7\u00e3o, com seguran\u00e7a e autonomia, de espa\u00e7os, mobili\u00e1rios, equipamentos urbanos, edifica\u00e7\u00f5es, transportes, informa\u00e7\u00e3o e comunica\u00e7\u00e3o, inclusive seus sistemas e tecnologias, bem como de outros servi\u00e7os e instala\u00e7\u00f5es abertos ao p\u00fablico, de uso p\u00fablico ou privados de uso coletivo, tanto na zona urbana como na rural, por pessoa com defici\u00eancia ou com mobilidade reduzida.<\/div><\/div><div class=\"su-spoiler su-spoiler-style-1\"><div class=\"su-spoiler-title\">\u00a0<\/div><\/div><\/div><\/div>\n            <\/div><div class=\"card-wrapper \">\n                <div class=\"card-header\">\n                    <a href=\"#expand-ff0b927\" class=\"card-header-button\" aria-expanded=\"false\" data-target=\"#expand-ff0b927\" aria-controls=\"expand-ff0b927\">\n                        <span class=\"title\">Quais s\u00e3o as diferen\u00e7as entre educa\u00e7\u00e3o especial e educa\u00e7\u00e3o inclusiva?<\/span><div class=\"right-icon-group\">\n                <div class=\"normal-icon\"><svg aria-hidden=\"true\" class=\"e-font-icon-svg e-fas-plus-circle\" viewBox=\"0 0 512 512\" xmlns=\"http:\/\/www.w3.org\/2000\/svg\"><path d=\"M256 8C119 8 8 119 8 256s111 248 248 248 248-111 248-248S393 8 256 8zm144 276c0 6.6-5.4 12-12 12h-92v92c0 6.6-5.4 12-12 12h-56c-6.6 0-12-5.4-12-12v-92h-92c-6.6 0-12-5.4-12-12v-56c0-6.6 5.4-12 12-12h92v-92c0-6.6 5.4-12 12-12h56c6.6 0 12 5.4 12 12v92h92c6.6 0 12 5.4 12 12v56z\"><\/path><\/svg><\/div>\n                <div class=\"active-icon\"><svg aria-hidden=\"true\" class=\"e-font-icon-svg e-fas-minus-circle\" viewBox=\"0 0 512 512\" xmlns=\"http:\/\/www.w3.org\/2000\/svg\"><path d=\"M256 8C119 8 8 119 8 256s111 248 248 248 248-111 248-248S393 8 256 8zM124 296c-6.6 0-12-5.4-12-12v-56c0-6.6 5.4-12 12-12h264c6.6 0 12 5.4 12 12v56c0 6.6-5.4 12-12 12H124z\"><\/path><\/svg><\/div>\n            <\/div>\n                    <\/a>\n                <\/div>\n                <div class=\"card-expand\" id=\"expand-ff0b927\" style=\"display:none\"><div class=\"card-body\"><div class=\"su-spoiler su-spoiler-style-1 su-spoiler-open\"><div class=\"su-spoiler-content\">Educa\u00e7\u00e3o Especial \u00e9 uma modalidade de ensino que visa promover o desenvolvimento das potencialidades da pessoa com defici\u00eancia, transtornos globais do desenvolvimento e altas habilidades, e que abrange os diferentes n\u00edveis e graus do sistema de ensino, ou seja,\u00e9 uma modalidade de ensino. Na Pol\u00edtica Nacional de Educa\u00e7\u00e3o Especial na Perspectiva da Educa\u00e7\u00e3o Inclusiva remete-se ao acesso \u00e0 escola regular, \u00e0 acessibilidade aos processos de ensino-aprendizagem e \u00e0 participa\u00e7\u00e3o dos estudantes com defici\u00eancia, transtornos globais do desenvolvimento e com altas habilidades\/superdota\u00e7\u00e3o, p\u00fablico-alvo da educa\u00e7\u00e3o. A educa\u00e7\u00e3o inclusiva preconiza a diversidade humana e a pluralidade.<\/div><\/div><div class=\"su-spoiler su-spoiler-style-1\"><div class=\"su-spoiler-title\">\u00a0<\/div><\/div><\/div><\/div>\n            <\/div><div class=\"card-wrapper \">\n                <div class=\"card-header\">\n                    <a href=\"#expand-3b0ac45\" class=\"card-header-button\" aria-expanded=\"false\" data-target=\"#expand-3b0ac45\" aria-controls=\"expand-3b0ac45\">\n                        <span class=\"title\">O que fazer quando encontrar uma pessoa com defici\u00eancia?<\/span><div class=\"right-icon-group\">\n                <div class=\"normal-icon\"><svg aria-hidden=\"true\" class=\"e-font-icon-svg e-fas-plus-circle\" viewBox=\"0 0 512 512\" xmlns=\"http:\/\/www.w3.org\/2000\/svg\"><path d=\"M256 8C119 8 8 119 8 256s111 248 248 248 248-111 248-248S393 8 256 8zm144 276c0 6.6-5.4 12-12 12h-92v92c0 6.6-5.4 12-12 12h-56c-6.6 0-12-5.4-12-12v-92h-92c-6.6 0-12-5.4-12-12v-56c0-6.6 5.4-12 12-12h92v-92c0-6.6 5.4-12 12-12h56c6.6 0 12 5.4 12 12v92h92c6.6 0 12 5.4 12 12v56z\"><\/path><\/svg><\/div>\n                <div class=\"active-icon\"><svg aria-hidden=\"true\" class=\"e-font-icon-svg e-fas-minus-circle\" viewBox=\"0 0 512 512\" xmlns=\"http:\/\/www.w3.org\/2000\/svg\"><path d=\"M256 8C119 8 8 119 8 256s111 248 248 248 248-111 248-248S393 8 256 8zM124 296c-6.6 0-12-5.4-12-12v-56c0-6.6 5.4-12 12-12h264c6.6 0 12 5.4 12 12v56c0 6.6-5.4 12-12 12H124z\"><\/path><\/svg><\/div>\n            <\/div>\n                    <\/a>\n                <\/div>\n                <div class=\"card-expand\" id=\"expand-3b0ac45\" style=\"display:none\"><div class=\"card-body\"><div class=\"su-spoiler su-spoiler-style-1 su-spoiler-open\"><div class=\"su-spoiler-content\">Muitas pessoas ficam confusas quando encontram uma pessoa com alguma defici\u00eancia. Isso \u00e9 natural, pois a nossa cultura n\u00e3o est\u00e1 acostumada com essa situa\u00e7\u00e3o. Todos n\u00f3s podemos nos sentir desconfort\u00e1veis diante do \u201cdiferente\u201d. Esse desconforto diminui e pode at\u00e9 mesmo desaparecer quando existem oportunidades de conviv\u00eancia entre pessoas com e sem defici\u00eancia. Nunca fa\u00e7a de conta que a defici\u00eancia n\u00e3o existe, trate-a normalmente. Se voc\u00ea se relacionar com uma pessoa com defici\u00eancia como se ela n\u00e3o tivesse uma defici\u00eancia, voc\u00ea vai estar ignorando uma caracter\u00edstica muito importante dela. Dessa forma, voc\u00ea n\u00e3o estar\u00e1 se relacionando com ela, mas com outra pessoa, uma que voc\u00ea inventou, que n\u00e3o \u00e9 real. N\u00e3o \u00e9 para fazer perguntas sobre a defici\u00eancia, e sim encar\u00e1-la, e aceit\u00e1-la. Precisamos romper com a falta de informa\u00e7\u00e3o e entender que a diversidade humana \u00e9 a nossa realidade.<\/div><\/div><div class=\"su-spoiler su-spoiler-style-1\"><div class=\"su-spoiler-title\">\u00a0<\/div><\/div><\/div><\/div>\n            <\/div><div class=\"card-wrapper \">\n                <div class=\"card-header\">\n                    <a href=\"#expand-4fc612f\" class=\"card-header-button\" aria-expanded=\"false\" data-target=\"#expand-4fc612f\" aria-controls=\"expand-4fc612f\">\n                        <span class=\"title\">As empresas t\u00eam infraestrutura para receber os profissionais com defici\u00eancia?<\/span><div class=\"right-icon-group\">\n                <div class=\"normal-icon\"><svg aria-hidden=\"true\" class=\"e-font-icon-svg e-fas-plus-circle\" viewBox=\"0 0 512 512\" xmlns=\"http:\/\/www.w3.org\/2000\/svg\"><path d=\"M256 8C119 8 8 119 8 256s111 248 248 248 248-111 248-248S393 8 256 8zm144 276c0 6.6-5.4 12-12 12h-92v92c0 6.6-5.4 12-12 12h-56c-6.6 0-12-5.4-12-12v-92h-92c-6.6 0-12-5.4-12-12v-56c0-6.6 5.4-12 12-12h92v-92c0-6.6 5.4-12 12-12h56c6.6 0 12 5.4 12 12v92h92c6.6 0 12 5.4 12 12v56z\"><\/path><\/svg><\/div>\n                <div class=\"active-icon\"><svg aria-hidden=\"true\" class=\"e-font-icon-svg e-fas-minus-circle\" viewBox=\"0 0 512 512\" xmlns=\"http:\/\/www.w3.org\/2000\/svg\"><path d=\"M256 8C119 8 8 119 8 256s111 248 248 248 248-111 248-248S393 8 256 8zM124 296c-6.6 0-12-5.4-12-12v-56c0-6.6 5.4-12 12-12h264c6.6 0 12 5.4 12 12v56c0 6.6-5.4 12-12 12H124z\"><\/path><\/svg><\/div>\n            <\/div>\n                    <\/a>\n                <\/div>\n                <div class=\"card-expand\" id=\"expand-4fc612f\" style=\"display:none\"><div class=\"card-body\"><div class=\"su-spoiler su-spoiler-style-1 su-spoiler-open\"><div class=\"su-spoiler-content\">\u00c9 preciso ficar claro que defici\u00eancia n\u00e3o \u00e9 doen\u00e7a. Por\u00e9m, os profissionais podem necessitar de algum suporte diferenciado\/espec\u00edfico para realizar o seu trabalho. Por exemplo, pessoas que usam cadeira de rodas podem requerer uma mesa com altura diferente para que a cadeira se encaixe corretamente. Se o local foi constru\u00eddo levando em considera\u00e7\u00e3o o desenho universal facilitar\u00e1 a inclus\u00e3o das pessoas com defici\u00eancia (PcD) e a necessidade de adequa\u00e7\u00e3o para atender demanda individual ser\u00e1 muito menor.<\/div><\/div><div class=\"su-spoiler su-spoiler-style-1\"><div class=\"su-spoiler-title\">\u00a0<\/div><\/div><\/div><\/div>\n            <\/div><div class=\"card-wrapper \">\n                <div class=\"card-header\">\n                    <a href=\"#expand-c00abd1\" class=\"card-header-button\" aria-expanded=\"false\" data-target=\"#expand-c00abd1\" aria-controls=\"expand-c00abd1\">\n                        <span class=\"title\">Como ser um doador do Instituto Superar?<\/span><div class=\"right-icon-group\">\n                <div class=\"normal-icon\"><svg aria-hidden=\"true\" class=\"e-font-icon-svg e-fas-plus-circle\" viewBox=\"0 0 512 512\" xmlns=\"http:\/\/www.w3.org\/2000\/svg\"><path d=\"M256 8C119 8 8 119 8 256s111 248 248 248 248-111 248-248S393 8 256 8zm144 276c0 6.6-5.4 12-12 12h-92v92c0 6.6-5.4 12-12 12h-56c-6.6 0-12-5.4-12-12v-92h-92c-6.6 0-12-5.4-12-12v-56c0-6.6 5.4-12 12-12h92v-92c0-6.6 5.4-12 12-12h56c6.6 0 12 5.4 12 12v92h92c6.6 0 12 5.4 12 12v56z\"><\/path><\/svg><\/div>\n                <div class=\"active-icon\"><svg aria-hidden=\"true\" class=\"e-font-icon-svg e-fas-minus-circle\" viewBox=\"0 0 512 512\" xmlns=\"http:\/\/www.w3.org\/2000\/svg\"><path d=\"M256 8C119 8 8 119 8 256s111 248 248 248 248-111 248-248S393 8 256 8zM124 296c-6.6 0-12-5.4-12-12v-56c0-6.6 5.4-12 12-12h264c6.6 0 12 5.4 12 12v56c0 6.6-5.4 12-12 12H124z\"><\/path><\/svg><\/div>\n            <\/div>\n                    <\/a>\n                <\/div>\n                <div class=\"card-expand\" id=\"expand-c00abd1\" style=\"display:none\"><div class=\"card-body\"><div id=\"wrapper\" class=\"size-wrap\"><div id=\"container_bg\"><div id=\"content_full\"><div id=\"post-5971\" class=\"post-5971 page type-page status-publish hentry\"><div class=\"entry-content\"><div class=\"su-spoiler su-spoiler-style-1 su-spoiler-open\"><div class=\"su-spoiler-content\">\u00c9 poss\u00edvel fazer doa\u00e7\u00f5es atrav\u00e9s da nossa plataforma online (cart\u00e3o de cr\u00e9dito e boleto), e atrav\u00e9s de dep\u00f3sito banc\u00e1rio na conta corrente do Superar. No link https:\/\/superar.com\/colabore-com-o-instituto-superar\/ voc\u00ea encontra as orienta\u00e7\u00f5es para doar, e escolhe o valor e a melhor forma de nos ajudar.<\/div><\/div><\/div><\/div><\/div><\/div><\/div><\/div><\/div>\n            <\/div><\/div>\t\t\t\t<\/div>\n\t\t\t\t<\/div>\n\t\t\t\t\t<\/div>\n\t\t\t\t<\/div>\n\t\t<div class=\"elementor-element elementor-element-4c4fe412 e-flex e-con-boxed e-con e-child\" data-id=\"4c4fe412\" data-element_type=\"container\">\n\t\t\t\t\t<div class=\"e-con-inner\">\n\t\t<div class=\"elementor-element elementor-element-4f86c4bb e-flex e-con-boxed elementor-invisible e-con e-child\" data-id=\"4f86c4bb\" data-element_type=\"container\" data-settings=\"{&quot;animation&quot;:&quot;pulse&quot;}\">\n\t\t\t\t\t<div class=\"e-con-inner\">\n\t\t\t\t<div class=\"elementor-element elementor-element-5d467c67 elementor-widget elementor-widget-image\" data-id=\"5d467c67\" data-element_type=\"widget\" data-widget_type=\"image.default\">\n\t\t\t\t<div class=\"elementor-widget-container\">\n\t\t\t\t\t\t\t\t\t\t\t\t\t\t\t<img fetchpriority=\"high\" decoding=\"async\" width=\"542\" height=\"353\" src=\"https:\/\/institutosuperar.com.br\/wp-content\/uploads\/2024\/08\/faq-1.jpg\" class=\"elementor-animation-float attachment-full size-full wp-image-227\" alt=\"\" srcset=\"https:\/\/institutosuperar.com.br\/wp-content\/uploads\/2024\/08\/faq-1.jpg 542w, https:\/\/institutosuperar.com.br\/wp-content\/uploads\/2024\/08\/faq-1-300x195.jpg 300w\" sizes=\"(max-width: 542px) 100vw, 542px\" \/>\t\t\t\t\t\t\t\t\t\t\t\t\t\t\t<\/div>\n\t\t\t\t<\/div>\n\t\t\t\t\t<\/div>\n\t\t\t\t<\/div>\n\t\t<div class=\"elementor-element elementor-element-24dc3b26 e-flex e-con-boxed elementor-invisible e-con e-child\" data-id=\"24dc3b26\" data-element_type=\"container\" data-settings=\"{&quot;animation&quot;:&quot;fadeIn&quot;}\">\n\t\t\t\t\t<div class=\"e-con-inner\">\n\t\t\t\t<div class=\"elementor-element elementor-element-5c90b599 elementor-widget elementor-widget-heading\" data-id=\"5c90b599\" data-element_type=\"widget\" data-widget_type=\"heading.default\">\n\t\t\t\t<div class=\"elementor-widget-container\">\n\t\t\t\t\t<h2 class=\"elementor-heading-title elementor-size-default\">Precisa de mais assist\u00eancia\n<\/h2>\t\t\t\t<\/div>\n\t\t\t\t<\/div>\n\t\t\t\t<div class=\"elementor-element elementor-element-4011d9e2 elementor-widget elementor-widget-text-editor\" data-id=\"4011d9e2\" data-element_type=\"widget\" data-widget_type=\"text-editor.default\">\n\t\t\t\t<div class=\"elementor-widget-container\">\n\t\t\t\t\t\t\t\t\t<div class=\"elementor-element elementor-element-b877de7 elementor-widget elementor-widget-text-editor\" data-id=\"b877de7\" data-element_type=\"widget\" data-widget_type=\"text-editor.default\"><div class=\"elementor-widget-container\"><span>Esperamos que esta se\u00e7\u00e3o de FAQ tenha respondido \u00e0s suas perguntas. Se precisar de mais assist\u00eancia, n\u00e3o hesite em entrar em contato conosco. Bom aprendizado!<\/span><\/div><\/div><div class=\"elementor-element elementor-element-4656b89 elementor-widget elementor-widget-button\" data-id=\"4656b89\" data-element_type=\"widget\" data-widget_type=\"button.default\"><div class=\"elementor-widget-container\"><div class=\"elementor-button-wrapper\">\u00a0<\/div><\/div><\/div>\t\t\t\t\t\t\t\t<\/div>\n\t\t\t\t<\/div>\n\t\t\t\t<div class=\"elementor-element elementor-element-49073a6d elementor-widget elementor-widget-button\" data-id=\"49073a6d\" data-element_type=\"widget\" data-widget_type=\"button.default\">\n\t\t\t\t<div class=\"elementor-widget-container\">\n\t\t\t\t\t\t\t\t\t<div class=\"elementor-button-wrapper\">\n\t\t\t\t\t<a class=\"elementor-button elementor-button-link elementor-size-sm elementor-animation-float\" href=\"#\">\n\t\t\t\t\t\t<span class=\"elementor-button-content-wrapper\">\n\t\t\t\t\t\t\t\t\t<span class=\"elementor-button-text\">Fale Conosco<\/span>\n\t\t\t\t\t<\/span>\n\t\t\t\t\t<\/a>\n\t\t\t\t<\/div>\n\t\t\t\t\t\t\t\t<\/div>\n\t\t\t\t<\/div>\n\t\t\t\t\t<\/div>\n\t\t\t\t<\/div>\n\t\t\t\t\t<\/div>\n\t\t\t\t<\/div>\n\t\t\t\t\t<\/div>\n\t\t\t\t<\/div>\n\t\t\t\t<\/div>\n\t\t","protected":false},"excerpt":{"rendered":"<p>Perguntas Frequentes Bem-vindo \u00e0 p\u00e1gina de perguntas frequentes deAumento de Habilidade\u200b\u200b\u200b\u200b\u200b\u200b\u200bAqui, abordamos d\u00favidas e preocupa\u00e7\u00f5es comuns para garantir uma experi\u00eancia de aprendizado tranquila e agrad\u00e1vel para todos os nossos alunos. Sua d\u00favida respondida. Clique na Pergunta Como fa\u00e7o para participar das atividades do Instituto Superar? Se voc\u00ea for PCD e quiser fazer parte das nossas [&hellip;]<\/p>\n","protected":false},"author":1,"featured_media":0,"parent":0,"menu_order":0,"comment_status":"closed","ping_status":"closed","template":"","meta":{"footnotes":""},"class_list":["post-224","page","type-page","status-publish","hentry"],"_links":{"self":[{"href":"https:\/\/institutosuperar.com.br\/index.php\/wp-json\/wp\/v2\/pages\/224","targetHints":{"allow":["GET"]}}],"collection":[{"href":"https:\/\/institutosuperar.com.br\/index.php\/wp-json\/wp\/v2\/pages"}],"about":[{"href":"https:\/\/institutosuperar.com.br\/index.php\/wp-json\/wp\/v2\/types\/page"}],"author":[{"embeddable":true,"href":"https:\/\/institutosuperar.com.br\/index.php\/wp-json\/wp\/v2\/users\/1"}],"replies":[{"embeddable":true,"href":"https:\/\/institutosuperar.com.br\/index.php\/wp-json\/wp\/v2\/comments?post=224"}],"version-history":[{"count":20,"href":"https:\/\/institutosuperar.com.br\/index.php\/wp-json\/wp\/v2\/pages\/224\/revisions"}],"predecessor-version":[{"id":343,"href":"https:\/\/institutosuperar.com.br\/index.php\/wp-json\/wp\/v2\/pages\/224\/revisions\/343"}],"wp:attachment":[{"href":"https:\/\/institutosuperar.com.br\/index.php\/wp-json\/wp\/v2\/media?parent=224"}],"curies":[{"name":"wp","href":"https:\/\/api.w.org\/{rel}","templated":true}]}}